 40 and d?
5
Suppose 0 = 2*w - 6*w + 384. Let r = w - 11. Let o(f) = f**2 + 23*f + 10. Let i be o(-24). What is the greatest common factor of r and i?
17
Suppose 3006 = 5*r + 2*t, 1818 = -11*r + 14*r + 3*t. Calculate the highest common factor of r and 460.
46
Let c(r) = -r**3 + 10 + 10*r + 8 + 2*r**2 - 9*r**2 - 5 + 9. Let z be c(-8). Calculate the greatest common factor of z and 26.
2
Let l = -102 + 126. Suppose 0 = -l*v + 510 + 90. What is the highest common factor of v and 175?
25
Let p = 0 - 1. Let y be p/(9/51)*-3. Let c be ((-777)/140 + 5/(-4))*105/(-14). Calculate the greatest common divisor of y and c.
17
Let x(q) = 5. Let i(m) = -37*m - 88. Let a(h) = 2*i(h) - 4*x(h). Let r be a(-10). Calculate the greatest common divisor of r and 68.
68
Suppose -14*m = 42*m + 12*m - 8500. What is the greatest common factor of m and 11?
1
Suppose 0 = -2*o + 5*z + 62, -2*o = -o - 3*z - 32. Let w(k) = 11*k + 8*k - 26*k. Let u be w(-26). What is the highest common divisor of u and o?
26
Suppose -3*k + 232 = -2*f, -5*k + 3*f + 350 = -37. Let b(j) = 2*j - 5. Let c be b(4). What is the greatest common factor of c and k?
3
Let a = -11262 - -15546. What is the highest common divisor of a and 28?
28
Let u be (-81)/54 + 5/2. Suppose -2*k + m = -3*m - 54, k = -m + 42. What is the greatest common divisor of u and k?
1
Suppose 177*z + 202*z = 417*z - 257944. Calculate the greatest common factor of 4 and z.
4
Suppose 129*z - 94*z - 7420 = 0. Calculate the highest common divisor of 583 and z.
53
Let q(y) = 5*y**2 - 3*y + 2. Let x be q(1). Suppose 0*h = p - x*h - 55, 2*p + h - 65 = 0. What is the highest common divisor of 10 and p?
5
Let g(t) = t**2 - t - 24. Let c be g(-3). Let y be 2/c - 16870/(-420). Calculate the greatest common factor of y and 20.
20
Let h = 243 - 240. Suppose 3*o - 156 = -h*x, 5*x - 31 + 46 = 0. Calculate the highest common divisor of o and 165.
55
Let s(h) = 12*h + 24. Let g be s(17). Suppose 10*u = g + 2. What is the highest common factor of u and 184?
23
Let r(j) = -9*j - 89. Let p be r(-10). Let v = 355 - 90. Suppose -p = 2*y - v. Calculate the greatest common divisor of 12 and y.
12
Suppose 3*q + 10 = 4. Let y be q - (4 - 27/3). Suppose 4*c - 8 = y*c. What is the greatest common factor of c and 3?
1
Let c(l) = 4*l**2 + 5*l - 6. Let z be c(-6). Let h = 157 - z. Calculate the highest common factor of h and 441.
49
Let m(u) be the third derivative of -u**5/60 + 11*u**4/12 - 13*u**3/6 + 81*u**2. Let j be m(21). Calculate the highest common factor of j and 248.
8
Let v(k) = -3*k - 96. Let o be v(-26). Let c be 16/72 - 536/o. What is the greatest common divisor of c and 270?
30
Let q = 6 + -10. Let u(w) = -1030*w - 1 + 928*w + 2 - 10. Let r be u(q). What is the greatest common divisor of 57 and r?
57
Suppose 32458 = 56*m + 6698. What is the highest common factor of 2080 and m?
20
Let c be -4 - ((-345)/(-5))/(-3). Suppose -101 = -f + 24. Suppose 3*y - 973 = -4*s - f, -s - 5*y + 229 = 0. What is the greatest common divisor of s and c?
19
Let f be (107 - 2)*4/2. Suppose c + 5*l - f = -2*c, -4*l = 12. Suppose j = g - 43, 3*j + 102 + c = 4*g. What is the greatest common divisor of 336 and g?
48
Let f(y) = 4*y**2 + 7*y + 9. Let v = 9 - 14. Let r be f(v). Suppose 3*n - r = -14. What is the greatest common divisor of n and 8?
4
Let d = -8139 + 8399. What is the greatest common divisor of 1340 and d?
20
Suppose 30915 = 78*r - 45993. Calculate the greatest common factor of 1802 and r.
34
Let b(s) = 138*s - 86. Let o be b(3). Calculate the greatest common factor of 1722 and o.
82
Suppose -3*x + 176 = -22*r + 24*r, 0 = 2*x - 2*r - 124. What is the highest common divisor of 1580 and x?
20
Let i = -113 - -103. Let p(f) = 3*f**2 + 30*f + 61. Let g be p(i). What is the highest common factor of 61 and g?
61
Suppose -4*i = 4, -3*y - 2*i - 2 = -42. Suppose -y*x + 2008 = -806. Calculate the greatest common factor of 335 and x.
67
Suppose 0*s - 4*x - 12 = 5*s, 0 = -2*s - 5*x + 2. Let c = 35 + -34. Let b be -2*s/8*c. Calculate the highest common divisor of 2 and b.
1
Let t = -25 - -50. Suppose -47*n = -99*n + n + 1020. Calculate the highest common factor of t and n.
5
Suppose 0 = 2*r - 3*r + 7. Suppose -12*j + 5*l = -9*j - 167, -8*l + 66 = 2*j. Calculate the highest common divisor of j and r.
7
Let g(d) = -d**3 + 58*d**2 - 265*d + 34. Let y be g(53). Calculate the greatest common factor of 2414 and y.
34
Let g(k) = 8*k + 2. Let y be g(2). Let h(v) = 4*v**3 + 2*v**2 + 7*v - 16. Let a be h(2). Let n = a - -160. What is the greatest common factor of y and n?
18
Suppose -315*p = -176*p - 159155. Calculate the greatest common factor of 9389 and p.
229
Let y be (-3)/((-462)/(-152) - 3). Let u = y - -124. Calculate the highest common factor of 12 and u.
12
Let p = 13102 + -6568. What is the greatest common divisor of 968 and p?
242
Let h(s) = 66*s**2 + 28*s - 56. Let p be h(2). What is the greatest common divisor of p and 27?
3
Let m be (6 - (-6)/(-3))*(-271)/(-4). Let h = m - 253. Suppose 3*z - 5 = 13. What is the highest common factor of h and z?
6
Let s(c) = 20*c**2 + 23*c + 21. Let t be s(-1). Calculate the highest common divisor of t and 1176.
6
Let d(o) = -o**3 + o**2 + 9*o + 6. Suppose 37*q - 56 = 51*q. Let s be d(q). Calculate the greatest common divisor of 125 and s.
25
Let m = 583 + 110. Let k be ((2/4)/(1/(-6)))/((-181)/1267). What is the highest common divisor of k and m?
21
Suppose 4 = i - 3*q, 3*q - 7 = -10. What is the highest common factor of i and 163?
1
Let v be (-1)/11 + 2669696/1408. Calculate the highest common factor of 144 and v.
24
Let d be 4 + (94 - 50) + -3 + 25. Let r = 433 - -477. Calculate the highest common divisor of r and d.
70
Let j be 45/10*(-3 - -7) + 5. What is the highest common divisor of j and 23?
23
Let m = -47 - -56. Let z be (-4)/(-1) + m + -6. What is the greatest common divisor of 119 and z?
7
Suppose 3*f - 369 = 90. Suppose 61*h - 195 = 354. What is the highest common divisor of h and f?
9
Suppose 1190 = 5*q - 15*a + 19*a, 3*q - 712 = -2*a. What is the highest common divisor of q and 171?
9
Suppose -3*y = -s + 1970, -2258 - 1647 = -2*s - y. Calculate the greatest common divisor of s and 255.
85
Let z = -84 + 117. Let i be ((-315)/(-35))/(3/44). What is the greatest common factor of z and i?
33
Let d be -2*(-2)/((-16)/(-264)). What is the highest common factor of d and 4422?
66
Let c be (9/(-36))/((-1)/284). Suppose 0 = 70*m - c*m + 3. What is the greatest common divisor of 2 and m?
1
Let h(n) = n**3 - 21*n**2 - 37*n + 246. Let m be h(26). Calculate the highest common factor of 216 and m.
72
Suppose 0 = -5*x - 2*v + 5447, 73*x - 2*v + 3269 = 76*x. Calculate the greatest common divisor of 55 and x.
11
Suppose z = 4, -250 = -2*b - 4*z + 5*z. Let g = b - -68. Calculate the highest common divisor of g and 30.
15
Suppose 180*q + 269*q = 3259740. What is the highest common divisor of 60 and q?
60
Let c(g) = -g**3 - 21*g + 12 + g**2 - 10*g**2 - 4*g**2 + 4*g**2. Let y be c(-12). Calculate the highest common divisor of 24 and y.
24
Suppose 12*i + 0*i + 3600 = 0. Let z be ((42/(-3))/(-2))/((-12)/i). What is the greatest common divisor of 7 and z?
7
Let x(g) = 29*g**2 + 169*g + 96. Let l be x(-7). Calculate the highest common factor of 2 and l.
2
Let m(j) = j**2 + 17*j + 52. Let c be m(-13). Suppose c = 2*l + 5*z - 78, -38 = -8*l + 7*l - 3*z. Calculate the highest common factor of l and 33.
11
Let z be ((-160)/(-40) - 1*-116) + 6. Calculate the greatest common factor of 1344 and z.
42
Let q = -136 + 210. Let j = 176 - q. What is the greatest common divisor of j and 68?
34
Suppose 0 = 5*a + 12*n - 13*n - 13623, -3*a = -4*n - 8167. Calculate the highest common divisor of 25 and a.
25
Let r(i) be the second derivative of 20*i**3/3 + 75*i**2/2 + 149*i. Let u be r(5). Calculate the greatest common divisor of u and 165.
55
Let n = -2511 + 2673. What is the greatest common factor of 14 and n?
2
Suppose -10 = -2*y, -k + 190 + 15 = 4*y. Suppose 0 = -g + 5*z + 52, 0 = -2*g - 4*z + 107 - 45. Calculate the greatest common divisor of k and g.
37
Suppose 2*f + 5*a = f + 14, 2*f = 5*a + 28. Suppose -f - 7 = s. Let p = 31 + s. What is the highest common factor of 25 and p?
5
Suppose -39*k - 8 = -38*k. Let v be (-2)/(16/(-1250)) + k/32. Suppose 0 = -4*t 